n base 2, what is -1110010111000110000100 + 1?
-1110010111000110000011
In base 10, what is -2 + 23650808?
23650806
In base 4, what is 11 + 2133100013?
2133100030
In base 12, what is 202871 + -7?
202866
In base 8, what is -1343 + -3132317?
-3133662
In base 12, what is -494 - 3929?
-4201
In base 12, what is 2 - 137b519?
-137b517
In base 14, what is -b + 23545d?
235452
In base 8, what is 245 + 37727?
40174
In base 14, what is -7a3331 + -24?
-7a3355
In base 7, what is 36565646 + 0?
36565646
In base 11, what is 51 - 99a405?
-99a364
In base 3, what is 111 + 211000022121?
211000100002
In base 3, what is -101 - -122212002211?
122212002110
In base 8, what is -20162206 + 21?
-20162165
In base 2, what is 110001000010110001 - 10101000000?
110000101101110001
In base 3, what is 12 + -10011020211121?
-10011020211102
In base 9, what is 34102040 - 4?
34102035
In base 2, what is -11 - 11000100001111101010001101?
-11000100001111101010010000
In base 14, what is -8547b - 2c1?
-8575c
In base 7, what is 3 - -113331565?
113331601
In base 13, what is -9b11b - 4b?
-9b169
In base 2, what is 10100001111100010110011 + -101?
10100001111100010101110
In base 5, what is -131 - 11041011422?
-11041012103
In base 10, what is -2776183 + -5?
-2776188
In base 8, what is -246277211 - -4?
-246277205
In base 14, what is 8 - d075?
-d06b
In base 3, what is 10220200111 - -1002020?
10221202201
In base 3, what is 200100201 - -221120?
201022021
In base 7, what is -2122 - -1601300?
1566145
In base 6, what is -23 + 131044321?
131044254
In base 3, what is 2202211001012 - 101?
2202211000211
In base 3, what is 210011102021012020 - 10?
210011102021012010
In base 4, what is -11 - -3220000012312?
3220000012301
In base 10, what is 39 - 18371966?
-18371927
In base 11, what is -88472 + 25?
-88448
In base 8, what is -1 - -2653211?
2653210
In base 8, what is 1027175 - 123?
1027052
In base 2, what is 10110001100101111110000000 + 100?
10110001100101111110000100
In base 4, what is 11 + 11320120200?
11320120211
In base 4, what is -1212 - -10131203121?
10131201303
In base 16, what is 15ecef - 0?
15ecef
In base 9, what is 4 - 444505254?
-444505250
In base 13, what is -6530 - -3b7?
-6146
In base 15, what is -1692234 + b?
-1692228
In base 8, what is 5 - -101737537?
101737544
In base 8, what is -44 - 23126167?
-23126233
In base 5, what is 1311101001 - 10?
1311100441
In base 2, what is -101010011 - 100001110110011?
-100010100000110
In base 9, what is -210305608 - -2?
-210305606
In base 3, what is -2120012 - 1212121121112?
-1212201011201
In base 12, what is 756b63 + -4?
756b5b
In base 3, what is -10102222010000 - -1000021?
-10102221002202
In base 7, what is 2612350 - -1102?
2613452
In base 2, what is 11000101 - -10111010111000100?
10111011010001001
In base 2, what is -100000111 + 10000101011000101100?
10000101010100100101
In base 14, what is -6d1 - -a26?
335
In base 11, what is 4a + 61425?
61474
In base 6, what is 1 - 1143344440?
-1143344435
In base 7, what is -11142104201 - 0?
-11142104201
In base 9, what is 5 - 71538062?
-71538056
In base 2, what is 11101100 - 1011100000111010010?
-1011100000011100110
In base 6, what is -144110 - -551?
-143115
In base 2, what is 11001 - -11110100001101010011101?
11110100001101010110110
In base 8, what is -3050 + -40223?
-43273
In base 15, what is 157e4 - d5?
1570e
In base 12, what is -b074 + -3b18?
-12b90
In base 16, what is -39a + 2f0a1?
2ed07
In base 13, what is -283 + 3877?
35c4
In base 14, what is c8 + 4acb76?
4acc60
In base 11, what is -5263 + 687?
-4687
In base 2, what is -10010 + 1100111111110111110100011?
1100111111110111110010001
In base 10, what is 3 + 4981895?
4981898
In base 3, what is 11102200012010 + 22120?
11102200111200
In base 4, what is -2 - -1120231103331?
1120231103323
In base 11, what is 3 + -20a13765?
-20a13762
In base 16, what is -8976bd9 + 3?
-8976bd6
In base 14, what is 16a6 - -120?
17c6
In base 7, what is 534121 - 1?
534120
In base 14, what is -75 - -4050a2?
40502b
In base 3, what is 210001001001112 + 2?
210001001001121
In base 2, what is 1010011 - -10010100010011100?
10010100011101111
In base 14, what is -d7 + 44dc70?
44db77
In base 4, what is -11 - -2130120321021?
2130120321010
In base 10, what is 11 - 881702?
-881691
In base 3, what is 1012202202112222 + -11?
1012202202112211
In base 16, what is 18 - fb9ca9?
-fb9c91
In base 10, what is 2 + 202244473?
202244475
In base 12, what is -447 - -4100?
3875
In base 3, what is 1202 + -101120220120100?
-101120220111121
In base 2, what is 111000111100 - 111000000000?
111100
In base 13, what is 3 + 43406976?
43406979
In base 7, what is 55543 - -155511?
244354
In base 6, what is 421542 - 231543?
145555
In base 15, what is -4c683ab + -3?
-4c683ae
In base 5, what is -20332 - 2131022?
-2201404
In base 7, what is 43031423432 + -5?
43031423424
In base 9, what is 33417 - 4723?
27584
In base 12, what is 8 + b49ba?
b4a06
In base 12, what is 4a1456 + b9?
4a1553
In base 16, what is -4245 - -195?
-40b0
In base 10, what is 14289 - -597?
14886
In base 4, what is -1300 + 313002100?
313000200
In base 2, what is -100000101000111 - 10101011001?
-100011010100000
In base 4, what is -1201 + 3103332?
3102131
In base 7, what is -10524 - 5005?
-15532
In base 10, what is 4468 - 6758?
-2290
In base 5, what is 34432024412 + 3?
34432024420
In base 5, what is -32324212124 - -3?
-32324212121
In base 3, what is 22021 + -111101201?
-111002110
In base 13, what is -4 + 466956?
466952
In base 4, what is 100032310030 - 220?
100032303210
In base 13, what is -13 + -351994?
-3519a7
In base 15, what is -9 - 480a4a?
-480a54
In base 5, what is 120002 - -1202221?
1322223
In base 2, what is -1111 - 11011011110101?
-11011100000100
In base 14, what is -34 + -a3151?
-a3185
In base 3, what is 12 + -12202101210210212?
-12202101210210200
In base 10, what is -812440 - 14?
-812454
In base 2, what is 1010101000001 + -1001111101?
1001011000100
In base 4, what is 20321 - -202033331?
202120312
In base 6, what is 12101254 - 55?
12101155
In base 10, what is 28503 + 115?
28618
In base 8, what is -203105315 - 10?
-203105325
In base 14, what is 244 + -6b7?
-473
In base 12, what is -9 - 41353?
-41360
In base 15, what is 6 + c52259?
c52260
In base 3, what is -10 + -11201111201012?
-11201111201022
In base 6, what is -21505 - -15333?
-2132
In base 10, what is -2 - -1881133?
1881131
In base 3, what is -101220222 - 21011020?
-200002012
In base 4, what is -10 + -12113311011132?
-12113311011202
In base 2, what is -100011000 + 110010101110100000?
110010101010001000
In base 9, what is 41704560 + -5?
41704554
In base 10, what is 251208749 - -6?
251208755
In base 8, what is -326204 + -73?
-326277
In base 12, what is -463 + -61b3a?
-623a1
In base 15, what is -c860b9c7 + -4?
-c860b9cb
In base 11, what is -26 - 226442?
-226468
In base 13, what is 39a45 + -176a?
382a8
In base 16, what is 1e421 - 1b6?
1e26b
In base 10, what is 98 + 1257307?
1257405
In base 14, what is -b2 - -13b8d?
13abb
In base 12, what is 141 + 2ab06?
2b047
In base 12, what is -1053 - 1889a?
-19931
In base 8, what is 1 - 536112124?
-536112123
In base 5, what is 20 - 2322214?
-2322144
In base 11, what is -23041 + 416?
-22726
In base 9, what is 18354081 + -2?
18354078
In base 13, what is 2199 + 172b?
38c7
In base 4, what is -23333202 - 122?
-23333330
In base 3, what is 2 + -2011210100200222?
-2011210100200220
In base 8, what is -3533 - -17666?
14133
In base 2, what is 1100111 + 101101111010001010100?
101101111010010111011
In base 8, what is 23560 + -321101?
-275321
In base 5, what is -1 + -410112322?
-410112323
In base 8, what is -11 + 333110075?
333110064
In base 15, what is -9b39057 - -1?
-9b39056
In base 6, what is -11104003 + -40?
-11104043
In base 9, what is 27 + 286668?
286706
In base 11, what is -9a - 15139?
-15228
In base 8, what is 2 + 772277766?
772277770
In base 14, what is 2 + 50593c?
505940
In base 7, what is -1214 - -162413?
161166
In base 3, what is -1022111 + -20112101?
-21211212
In base 16, what is -29d5a2f - 4?
-29d5a33
In base 5, what is 2 + 10234030321?
10234030323
In base 16, what is -20b75 + 64d?
-20528
In base 13, what is -aa - 4a1373?
-4a1450
In base 8, what is 117171244 - 5?
117171237
In base 10, what is -316384 + 766?
-315618
In base 4, what is 1303310321 + 122?
1303311103
In base 10, what is